-1)
22
What is the value of 10 + -6 + 2 + 2 + (13 - 8)?
13
Evaluate -32 + 67 + -2 - 38.
-5
What is 14 - (11 + (-2 - -11)) - 16?
-22
Calculate 3 - (7 - (10 + -14)).
-8
What is the value of -9 + 9 + -14 - -31?
17
What is the value of 41 + -25 + -66 + 35?
-15
Evaluate (9 + 7 - 8) + -3.
5
Calculate 5 - (-9 + (-11 - -31)).
-6
Evaluate -11 + 5 - 3 - (-12 + (34 - 13)).
-18
(65 - 65) + -1 + 1 + -1 + 0
-1
11 - (4 + -1) - (308 + -303)
3
Calculate -15 + -2 + 2 + 15.
0
Evaluate (0 + 1 - -5) + (-3 - 2).
1
What is the value of 0 - 40 - (-235 + 196)?
-1
What is (-4 - -26 - 16 - 12) + 37?
31
7 - ((-6 - 9) + 13)
9
Evaluate (8 + -3 + -23 - -8) + 5 - -23.
18
Calculate 0 + 2 + -434 + 423.
-9
1 - (4 + (7 - 9))
-1
Evaluate -15 + 1 - (-117 + 114).
-11
What is -6 + (-2 - -16 - (21 + -18)) + 6?
11
Calculate 8 - (-5 - -9) - (12 - (0 + -3)).
-11
Evaluate (11 - 8) + 1 + 4 - -9.
17
Evaluate -5 - 10 - 0 - -14.
-1
What is (10 - 1) + 58 + -67?
0
-1 + 1 + -1 + 7 + (19 - 10)
15
Calculate 2 + (-2 - (-5 + 8)) + -11.
-14
Calculate -22 - (6 + 0 - (94 - 80)).
-14
-1 + -22 + (11 - (1 - -8)) - -5
-16
Evaluate -3 + (-4 - 1 - (57 - 50)) + 4.
-11
Evaluate (4 - (4 - 0)) + 2 + -9 + 3.
-4
10 - (9 + 3) - 1
-3
-1 + -1 + (6 - -1 - (-1 - -8))
-2
Calculate (-7 + -9 - -5) + 1 - -34.
24
What is the value of 7 - (-19 + -12) - 19?
19
1 + 8 - (70 + -69 - (-3 - 1))
4
Evaluate 263 - 266 - (37 - 2).
-38
What is the value of -24 + (-3 - -58) - 57?
-26
Calculate 3 - 4 - (-4 - (2 - 4) - -2).
-1
122 - 100 - (3 + -6)
25
Calculate 4 + (-30 - (-3 + 8) - -14).
-17
Calculate (12 - 1) + 5 + -1 + -4 + 3.
14
Calculate -13 - -10 - 24 - -23.
-4
What is (0 - -2 - 4) + (53 - 59)?
-8
(-10 - (-2 - -2)) + (-12 - -9)
-13
What is 148 + -166 - ((-1 - (1 + 1)) + 1)?
-16
What is the value of (0 - 11) + -9 + 4 + 3?
-13
What is -6 - (-2 + (6 - 2)) - -5 - -14?
11
What is the value of 46 - 16 - (6 - -12)?
12
What is (-13 - -4) + 0 - -17?
8
What is the value of -143 + 174 - (-2 - -22)?
11
Calculate -7 - (-1 + 1) - -3 - (0 + 4).
-8
Calculate 32 - ((9 - 4) + 18).
9
Calculate 5 + (9 - (9 + -2) - 8).
-1
What is the value of (42 - 40) + -4 + 0 + 7?
5
32 + (-30 - (-4 + 0 + -6))
12
What is 11 + 10 + -5 + (-3 - 2)?
11
4 + 1 - (-17 - -23) - (-15 + 1)
13
Calculate -2 + 1 + (1 - (-5 + 10)).
-5
Calculate -2 + (-40 + 43 - (0 - -4)) + -8.
-11
Calculate (15 - (-4 + 8 + 5)) + 0.
6
Calculate -39 - -16 - -16 - (4 - (1 + -2)).
-12
Evaluate -2 + 38 - (-53 + 57).
32
Evaluate -19 + 11 + 0 + (5 - (6 - 2)).
-7
Calculate -1 - (-2 + 3 - 0 - (28 - 23)).
3
(29 - 41) + 5 + 6
-1
What is the value of 4 + (-26 - (1 - 1))?
-22
41 + -54 - 28 - (1 - 3)
-39
Calculate -8 - (10 - (3 + 1 + 1) - 44).
31
Evaluate 10 + 0 + -17 + -6 + 28.
15
Calculate (5 + -17 + 19 - 5) + -33 + 2.
-29
(2 - -3) + -7 + -1 + 1 - -8
6
What is 808 + -797 + (1 + -4 - 21)?
-13
Calculate (-9 + 15 + -2 + -1 - 1) + -20.
-18
What is the value of -77 + 91 - (1 + 12)?
1
Evaluate 32 - (-10 + (18 - -2)).
22
Evaluate (-4 - 2) + -1 + 0 + 1 + 1.
-5
What is the value of -1 + 14 + -3 + 2 + 39 + -42?
9
What is -8 - (-10 - -9) - 6?
-13
What is 11 + (5 + -31 - -1)?
-14
Evaluate -11 - (-3 - -1) - (2 - (12 - -1)).
2
6 + 0 - (0 + 8 - -12)
-14
What is the value of 9 - (-15 + 26 - -12) - -17?
3
Evaluate 5 - (-16 + 25) - (-10 + 0).
6
-1 - (13 - 5 - (12 - 4) - 7)
6
What is the value of 6 + -2 + -31 + 38?
11
What is the value of (1 - -18 - 12) + -2 + -1 + 1?
5
Calculate -5 - (-2 - (8 + -17 + 33)).
21
What is the value of 4 - (17 + 6 + -9)?
-10
Evaluate 8 - -4 - (-16 + 17).
11
Calculate 2 - 36 - (-19 + -5 + 12).
-22
What is 1 - (7 - (6 - 0) - 0) - 6?
-6
Evaluate -15 - 3 - -7 - -5 - -3.
-3
What is -4 + 0 + 1 + -3 + (36 - 37)?
-7
Evaluate 0 + 11 - (153 - 94) - -5 - -9.
-34
What is -430 + 456 + -3 + (-3 - (-3 + -4))?
27
Evaluate -22 - -3 - (-331 - -302).
10
What is 12 - (3 + 10 - -2)?
-3
What is (-15 - -13) + (-4 - (-3 + (-13 - 2)))?
12
(-2 - (-7 + 8) - 4) + -1
-8
Calculate -1 + (-1 - (-16 - -8) - 5) - 6.
-5
Evaluate -19 + 9 - 4 - -16.
2
Calculate -31 + (1 - (-12 - (-10 - -15))).
-13
Evaluate -3 + -11 - (-9 - 3).
-2
What is the value of -18 + 0 + 2 - (-321 - -315)?
-10
Evaluate -43 - (-27 - (19 - 27)).
-24
Calculate (-1 - 9) + 3 + -4 + 3.
-8
What is -6 + (3 - ((1 - -5) + -3))?
-6
Evaluate 22 - 3 - (6 + 8).
5
What is -207 - -213 - (-5 + 2 - -1)?
8
Calculate (90 - 78) + (12 - 0) - (4 - 9).
29
Calculate 3 - (-4 - 0) - (2 - -3) - 11.
-9
-11 + (12 + 11 - 0)
12
-69 + 55 - (-12 + -17)
15
Calculate -26 - (2 - 15 - (2 + -4)).
-15
Calculate -2 - (6 + (6 + -13 - -1)).
-2
Evaluate 6 + (11 + 7 - 17).
7
6 - (13 - (18 - 0))
11
What is the value of -10 + 3 - (20 - 6 - 27)?
6
(-29 - (-37 + -7)) + -47
-32
What is the value of 21 + -22 + (8 + -9 - (1 + -8))?
5
What is the value of -9 - -4 - (-73 - -75)?
-7
What is the value of -1 + -2 + -3 + 11 + 3 + 3?
11
What is (-17 - -7) + 5 - 0 - (1 + -10)?
4
Evaluate (11 - 8) + -1 + (-2 + 3 - -1).
4
Evaluate 13 + (-1 - (-13 - (-8 + 3))).
20
What is the value of 14 - (18 - (11 - 6))?
1
What is the value of -13 + (0 + -13 + 18 - 7)?
-15
2 + -2 + -7 - (312 + -326) - -2
9
What is 2 + (0 - 12) + 14?
4
What is (5 - 32) + (-4 - -46)?
15
Calculate -29 + 18 + -1 + (-25 - -16).
-21
(-12 - 0) + (-28 - (-6 + -19))
-15
What is the value of -1 - (-9 - (-9 + -10) - 8)?
-3
(1 - (-6 - -11) - -7) + 10 + -8
5
(6 - (19 + -4 + -4)) + 6 + 6
7
What is the value of -4 + 45 + (-19 - 0) + (-4 - 5)?
13
What is (12 - 2) + 6 - 1 - (2 - -1)?
12
Calculate -55 + 49 + (-5 - 0).
-11
Calculate (0 - 10) + -38 + (26 - -11).
-11
What is 333 + -313 - (-1 - 4)?
25
What is the value of 18 - ((43 - 27) + 2)?
0
What is the value of 25 - -1 - ((-33 - 27) + 54)?
32
-15 + 52 - (34 - 19)
22
What is the value of 0 + -14 - (-409 - -418)?
-23
0 - (5 + (-11 - 5) - (2 - 10))
3
Calculate -21 + 6 + (11 - 3 - -4) + -9.
-12
(11 - (3 - -5)) + 19 - (-3 - -5)
20
Evaluate 18 - (20 + 2) - 3.
-7
Calculate -8 + (4 + -11 - (6 - 12)).
-9
-30 + (-21 - -48) + -20
-23
What is the value of -26 + 6 + 9 + 10 + -10 + -7?
-18
(6 - 6) + -10 + 4
-6
What is the value of 2 + -7 + -5 - -3 - (0 - 6)?
-1
What is the value of (1 - 2 - (13 - 4 - -11)) + 6?
-15
Evaluate 3 - 18 - (4 + (-10 - -9) + -10).
-8
Calculate 12 - (-3 - -13) - -15 - -2.
19
What is the value of (-415 - -383) + -3 + 65?
30
Calculate -6 + (5 - (5 - (-7 - -12))).
-1
Evaluate 6 - ((28 - -3) + 3).
-28
Evaluate 16 + 24 + -9 + -34.
-3
2 + -8 + 0 + 6 + 11
11
Calculate (-2 - -3) + 3 - 3 - (56 + -59).
4
Evaluate 4 + 2 - (-308 + 329).
-15
Calculate (-1 - -1) + (37 + 5 - 12 - 12).
18
Calculate -6 - (-55 + 25) - 16.
8
What is the value of 18 + -29 - (12 - (4 + -2))?
-21
What is the value of 1 - -5 - (6 - 22 - -20)?
2
(0 - -3) + -12 - (-6 - 1)
-2
Evaluate -20 + -35 + 53 - (1 - 7).
4
-16 - ((7 - (-1 - -8)) + -3)
-13
Calculate 19 + -3 - (203 + -188).
1
-71 + (132 - 76) - (-51 - -2)
34
Evaluate 30 + -23 + 5 - (0 - -15).
-3
Calculate 6 + (-5 - (15 - (10 + -5))).
-9
What is the value of (-23 - -11) + 24 + (0 - -7)?
19
Evaluate -18 + (-22 - -7 - -19).
-14
Calculate (13 - (12 - (-12 - -10))) + -8.
-9
What is 513 + -516 + (5 - -3)?
5
-34 + 16 + (1 + 0 - -1)
-16
25 + 8 + -22 + 0 + -2
9
-14 - (-52 - (27 - 54))
11
-18 + 1 + (-9 + 0 + 4 - -14)
-8
Calculate (-15 - (14 + -16)) + 6 + -4.
-11
Calculate 19 + -5 + (-5 - (-13 - (-4 - -1))).
19
What is 4 - 19 - (-5 + 1 + -6)?
-5
-23 - -18 - (-3 + (-1 - -3 - 3))
-1
-5 + 0 + (4 - (-5 - (8 + -15)))
-3
What is 6 + -1 - (41 - (-26 + 67))?
5
What is -13 + (2 - (1 + -13))?
1
Calculate 44 - (-30 - -30 - -6).
38
-15 + (15 - 4) + 67 + -67
-4
What is (21 - 16 - (2 - 0)) + -1?
2
What is -382 - -375 - (-28 - -2)?
19
3 + 3 + (-13 - (-15 + -1))
9
1 + 19 + -35 + 22 + 11
18
What is the value of 36 + 16 + -66 + (0 - 11)?
-25
What is -28 - -15 - (-7 + 1)?
-7
-1 - (-8 - -15 - (4 + (-21 - -6)))
-19
Evaluate (6 - 2) + 6 + -17 + -17 + -3.
-27
What is (-1 - (-5 + 14)) + 6?
-4
What is 20 - (-3 + 8) - -7?
22
Calculate 3 - -16 - (-16 - -30) - (-4 - -2).
7
What is 10 + (3 - (4 - 0))?
9
Evaluate -1 + -8 + -34 + 35.
-8
(-4 + (16 - -10) - 9) + 9
22
What is the value of 22 + 0 + 9 + -23?
8
What is the value of 5 + (-3 - -5 - -5) + 13?
25
Evaluate 11 + -7 + (-10 - -6).
0
-10 + 35 + -15 + -7
3
(4 - (-4 + 3)) + 3 + -3 - 3
2
-15 - -38 - (27 + -25)
21
-1 + -8 + -9 - -22
4
Evaluate 71 - 91 - (-25 - 1).
6
What is 34 - (-30 + 42 +